12
What is the remainder when 1115473 is divided by 2747?
191
What is the remainder when 11528459 is divided by 1154?
1153
Calculate the remainder when 428092 is divided by 106719.
1216
Calculate the remainder when 381756 is divided by 762.
756
Calculate the remainder when 10447956 is divided by 5062.
5050
What is the remainder when 3963809 is divided by 145?
89
Calculate the remainder when 450487 is divided by 40.
7
Calculate the remainder when 631102 is divided by 268.
230
Calculate the remainder when 12459 is divided by 159.
57
What is the remainder when 17309 is divided by 1240?
1189
Calculate the remainder when 15247473 is divided by 128.
113
What is the remainder when 28793575 is divided by 9597835?
70
Calculate the remainder when 51501113 is divided by 165.
158
What is the remainder when 19610851 is divided by 84?
43
Calculate the remainder when 168426 is divided by 84196.
34
Calculate the remainder when 38218319 is divided by 4342.
35
What is the remainder when 189106 is divided by 3139?
766
What is the remainder when 97599 is divided by 872?
807
What is the remainder when 606884 is divided by 69?
29
What is the remainder when 791158715 is divided by 13760?
13755
What is the remainder when 4817 is divided by 4519?
298
Calculate the remainder when 40492 is divided by 650.
192
What is the remainder when 50259416 is divided by 2855?
2851
Calculate the remainder when 689514 is divided by 98478.
168
What is the remainder when 2962901 is divided by 3940?
21
What is the remainder when 104244850 is divided by 5374?
5372
Calculate the remainder when 11926298 is divided by 174.
164
What is the remainder when 128778 is divided by 3124?
694
Calculate the remainder when 25871 is divided by 516.
71
What is the remainder when 2964512 is divided by 1173?
341
Calculate the remainder when 71688 is divided by 263.
152
Calculate the remainder when 8652100 is divided by 2500.
2100
What is the remainder when 1482705 is divided by 52953?
21
Calculate the remainder when 833865 is divided by 2411.
2070
Calculate the remainder when 3173039 is divided by 117.
116
What is the remainder when 282768 is divided by 2299?
2290
Calculate the remainder when 33225 is divided by 16554.
117
Calculate the remainder when 195364 is divided by 1641.
85
What is the remainder when 3633750 is divided by 153?
0
Calculate the remainder when 98695 is divided by 958.
21
Calculate the remainder when 2938559 is divided by 22.
19
Calculate the remainder when 512575 is divided by 22269.
388
What is the remainder when 3573336 is divided by 1191?
336
What is the remainder when 11602880 is divided by 890?
840
Calculate the remainder when 6926934 is divided by 8217.
3
Calculate the remainder when 32936905 is divided by 392106.
1
Calculate the remainder when 15944471 is divided by 4906.
4877
What is the remainder when 100664235 is divided by 46?
43
Calculate the remainder when 31560395 is divided by 2595.
5
Calculate the remainder when 813096 is divided by 87.
81
Calculate the remainder when 84411933 is divided by 918.
915
What is the remainder when 10999225 is divided by 1374902?
9
Calculate the remainder when 2789516 is divided by 185967.
11
What is the remainder when 8168865 is divided by 8168851?
14
What is the remainder when 135585 is divided by 91?
86
Calculate the remainder when 85867 is divided by 29.
27
What is the remainder when 864684095 is divided by 23?
15
Calculate the remainder when 223840 is divided by 74551.
187
What is the remainder when 250014189 is divided by 5?
4
What is the remainder when 70411903 is divided by 267?
265
What is the remainder when 5800329 is divided by 2219?
2082
What is the remainder when 930337 is divided by 310096?
49
What is the remainder when 6291385 is divided by 146310?
55
Calculate the remainder when 1008 is divided by 43.
19
Calculate the remainder when 2159149 is divided by 9.
4
Calculate the remainder when 101194 is divided by 202.
194
What is the remainder when 597364 is divided by 99559?
10
Calculate the remainder when 32045 is divided by 1172.
401
Calculate the remainder when 6833557 is divided by 1247.
1244
What is the remainder when 8931316 is divided by 2232813?
64
What is the remainder when 7579936 is divided by 190?
76
Calculate the remainder when 2367037 is divided by 208.
205
Calculate the remainder when 3437736 is divided by 4596.
4524
What is the remainder when 15136681 is divided by 177?
172
Calculate the remainder when 32758263 is divided by 3479.
3478
Calculate the remainder when 13831688 is divided by 127.
118
What is the remainder when 783735 is divided by 4693?
4
Calculate the remainder when 3038540 is divided by 119.
113
Calculate the remainder when 9360640 is divided by 4164.
4132
What is the remainder when 51474 is divided by 1978?
46
What is the remainder when 29085 is divided by 21455?
7630
What is the remainder when 28145 is divided by 531?
2
Calculate the remainder when 429776 is divided by 301.
249
What is the remainder when 1408957 is divided by 690?
667
Calculate the remainder when 19822 is divided by 1317.
67
Calculate the remainder when 19010937 is divided by 53.
49
What is the remainder when 4237385 is divided by 77?
75
Calculate the remainder when 2319916 is divided by 13566.
130
Calculate the remainder when 147641 is divided by 73811.
19
Calculate the remainder when 80055 is divided by 7971.
345
Calculate the remainder when 15875763 is divided by 70.
43
What is the remainder when 1241649 is divided by 3430?
3419
What is the remainder when 1673506 is divided by 121?
76
Calculate the remainder when 34519 is divided by 8621.
35
What is the remainder when 4453874 is divided by 5197?
45
What is the remainder when 813636 is divided by 214?
8
Calculate the remainder when 3158479 is divided by 25.
4
What is the remainder when 207316 is divided by 42?
4
What is the remainder when 80092 is divided by 309?
61
Calculate the remainder when 87875788 is divided by 67.
62
What is the remainder when 234477 is divided by 77452?
2121
What is the remainder when 5965028 is divided by 5965021?
7
What is the remainder when 7760995 is divided by 780?
775
Calculate the remainder when 1066440 is divided by 3109.
53
Calculate the remainder when 37968 is divided by 15148.
7672
Calculate the remainder when 168060392 is divided by 798.
794
Calculate the remainder when 207660 is divided by 2806.
16
Calculate the remainder when 23524469 is divided by 3920743.
11
Calculate the remainder when 903843 is divided by 17380.
83
Calculate the remainder when 305554 is divided by 16.
2
What is the remainder when 50186796 is divided by 18001?
8
Calculate the remainder when 1131542 is divided by 1299.
113
Calculate the remainder when 1549510 is divided by 3646.
3606
Calculate the remainder when 207181 is divided by 2651.
403
Calculate the remainder when 2640 is divided by 1993.
647
What is the remainder when 112091858 is divided by 556?
34
Calculate the remainder when 1582589 is divided by 24.
5
Calculate the remainder when 35471 is divided by 35059.
412
What is the remainder when 253404 is divided by 512?
476
What is the remainder when 13828510 is divided by 181954?
6
Calculate the remainder when 182330 is divided by 9486.
2096
What is the remainder when 217090617 is divided by 59?
58
Calculate the remainder when 8374276 is divided by 4187033.
210
Calculate the remainder when 296236 is divided by 1214.
20
Calculate the remainder when 2313408 is divided by 10964.
4
Calculate the remainder when 79552 is divided by 7548.
4072
Calculate the remainder when 564226 is divided by 136.
98
What is the remainder when 272174 is divided by 7094?
2602
Calculate the remainder when 12219007 is divided by 6109498.
11
What is the remainder when 13648172 is divided by 48?
44
What is the remainder when 11025724 is divided by 3675238?
10
What is the remainder when 310734 is divided by 2031?
2022
Calculate the remainder when 101358 is divided by 100988.
370
What is the remainder when 1473912 is divided by 40?
32
Calculate the remainder when 56634 is divided by 18829.
147
Calculate the remainder when 7665139 is divided by 510986.
349
What is the remainder when 13294690 is divided by 383?
377
What is the remainder when 85245415 is divided by 5462?
5443
Calculate the remain